s 68245 a composite number?
True
Is 5471 prime?
True
Is 20981 prime?
True
Is 82843 prime?
False
Is 626519 a prime number?
True
Is 110002 prime?
False
Is 78091 composite?
True
Is 2777 composite?
False
Is 4353 prime?
False
Is 1823 a prime number?
True
Is 832211 prime?
True
Is 70639 prime?
True
Is 995 a prime number?
False
Is 62221 composite?
True
Is 37079 a prime number?
False
Is 4321 composite?
True
Is 19031 a composite number?
False
Is 32921 a prime number?
False
Is 1758347 a prime number?
True
Is 3209 prime?
True
Is 37709 composite?
True
Is 606566 prime?
False
Is 3907 a composite number?
False
Is 11751 composite?
True
Is 598931 prime?
True
Is 9509 composite?
True
Is 21767 prime?
True
Is 9327 a prime number?
False
Is 15259 prime?
True
Is 831823 a prime number?
False
Is 27217 a prime number?
False
Is 30983 composite?
False
Is 78053 a prime number?
False
Is 1984405 prime?
False
Is 21881 prime?
True
Is 16669 composite?
True
Is 36947 prime?
True
Is 66481 composite?
True
Is 92359 composite?
True
Is 189377 a prime number?
True
Is 10201 a composite number?
True
Is 16871 prime?
True
Is 60419 composite?
True
Is 2068741 a prime number?
True
Is 461785 prime?
False
Is 2487341 prime?
True
Is 40423 a prime number?
True
Is 271085 a prime number?
False
Is 2423 a prime number?
True
Is 483979 prime?
False
Is 2748363 prime?
False
Is 51518 composite?
True
Is 75827 composite?
True
Is 243119 a prime number?
True
Is 752051 a prime number?
False
Is 53047 composite?
False
Is 212179 a composite number?
True
Is 678533 a prime number?
True
Is 232615 prime?
False
Is 2314993 composite?
True
Is 1139 a prime number?
False
Is 62893 composite?
True
Is 2787 composite?
True
Is 43107 a prime number?
False
Is 27037 prime?
False
Is 3191 composite?
False
Is 496991 prime?
False
Is 18041 a composite number?
False
Is 51991 a composite number?
False
Is 4393 a composite number?
True
Is 26769 a prime number?
False
Is 1753863 prime?
False
Is 23183 prime?
False
Is 207643 composite?
False
Is 168067 a composite number?
False
Is 238709 prime?
True
Is 93371 a composite number?
False
Is 34093 prime?
False
Is 145861 a prime number?
True
Is 1213049 a composite number?
False
Is 3487 a composite number?
True
Is 677 a composite number?
False
Is 4087 prime?
False
Is 527581 composite?
False
Is 10811 a composite number?
True
Is 66467 a composite number?
False
Is 156671 prime?
True
Is 14591 a prime number?
True
Is 32869 composite?
False
Is 947 a composite number?
False
Is 58657 a prime number?
True
Is 34721 a prime number?
True
Is 41969 composite?
False
Is 383459 a prime number?
True
Is 19501 a composite number?
False
Is 30553 prime?
True
Is 27127 a composite number?
False
Is 159479 a composite number?
True
Is 47159 a prime number?
False
Is 6599 prime?
True
Is 124799 prime?
True
Is 43853 prime?
True
Is 119517 composite?
True
Is 53171 prime?
True
Is 1005349 a composite number?
False
Is 32083 a composite number?
False
Is 49847 composite?
True
Is 7433 prime?
True
Is 15013 a prime number?
True
Is 394187 prime?
True
Is 798217 prime?
False
Is 59333 composite?
False
Is 8923 a prime number?
True
Is 161153 prime?
False
Is 228761 prime?
False
Is 10135 a composite number?
True
Is 486429 prime?
False
Is 61293 prime?
False
Is 7907 a prime number?
True
Is 3893 composite?
True
Is 574499 a composite number?
True
Is 1600321 a composite number?
False
Is 152545 prime?
False
Is 168143 composite?
False
Is 298171 prime?
True
Is 83573 a prime number?
False
Is 671603 prime?
True
Is 308857 a composite number?
False
Is 2474039 prime?
True
Is 74209 composite?
False
Is 659989 composite?
True
Is 188713 prime?
False
Is 20077 a composite number?
True
Is 125809 prime?
False
Is 443731 composite?
False
Is 73703 composite?
True
Is 141397 composite?
False
Is 55133 a prime number?
False
Is 407287 composite?
False
Is 17707 composite?
False
Is 991 a prime number?
True
Is 59111 a composite number?
True
Is 8111 a prime number?
True
Is 12473 a composite number?
False
Is 12251 a composite number?
False
Is 943401 a prime number?
False
Is 155417 a composite number?
True
Is 525457 prime?
True
Is 4222 a prime number?
False
Is 13495 composite?
True
Is 1370631 prime?
False
Is 631034 a prime number?
False
Is 9311 composite?
False
Is 18457 a composite number?
False
Is 21653 a prime number?
False
Is 7411 composite?
False
Is 8677 a prime number?
True
Is 6217 prime?
True
Is 1280789 a composite number?
False
Is 1135438 composite?
True
Is 151961 a composite number?
True
Is 130323 a composite number?
True
Is 238619 a prime number?
False
Is 384791 prime?
False
Is 7627 a composite number?
True
Is 354619 prime?
True
Is 27074 composite?
True
Is 60985 prime?
False
Is 25981 prime?
True
Is 3199 composite?
True
Is 37263 a prime number?
False
Is 913999 composite?
False
Is 5981 prime?
True
Is 73135 prime?
False
Is 7907 prime?
True
Is 1104703 composite?
False
Is 65531 prime?
False
Is 73819 a composite number?
False
Is 135919 a composite number?
True
Is 211587 prime?
False
Is 4201 composite?
False
Is 13929 a composite number?
True
Is 4157399 prime?
True
Is 20771 a composite number?
False
Is 34766 composite?
True
Is 3902 a composite number?
True
Is 13099 prime?
True
Is 2767 a composite number?
False
Is 33103 prime?
False
Is 94195 a prime number?
False
Is 115547 prime?
True
Is 90509 a prime number?
False
Is 702173 composite?
False
Is 12631 composite?
True
Is 2395 a prime number?
False
Is 9793 composite?
True
Is 21713 prime?
True
Is 33713 a prime number?
True
Is 71731 prime?
False
Is 220413 a composite number?
True
Is 1367897 composite?
True
Is 10243 prime?
True
Is 17707 a composite number?
False
Is 363523 composite?
False
Is 423169 composite?
True
Is 135713 composite?
True
Is 340687 a composite number?
False
Is 7283 a prime number?
True
Is 196271 a composite number?
False
Is 13901 a prime number?
True
Is 295259 prime?
True
Is 3155 composite?
True
Is 2023253 a prime number?
False
Is 2443241 composite?
False
Is 85639 a composite number?
False
Is 24595 composite?
True
Is 2643 a composite number?
True
Is 358495 prime?
False
Is 1061 composite?
False
Is 49571 composite?
True
Is 217859 a composite number?
False
Is 79967 a composite number?
False
Is 43489 a composite number?
True
Is 9647 composite?
True
Is 970351 composite?
False
Is 211 a prime number?
True
Is 10805 a composite number?
True
Is 1055 a prime number?
False
Is 769 a composite number?
False
Is 35413 composite?
True
Is 4109 a prime number?
False
Is 12461 a prime number?
False
Is 236237 prime?
False
Is 12661 a prime number?
False
Is 30273 a composite number?
True
Is 37333 a prime number?
False
Is 1862087 prime?
True
Is 71189 a prime number?
False
Is 36949 a prime number?
False
Is 26203 a prime number?
True
Is 30509 a composite number?
False
Is 912301 composite?
True
Is 179263 a composite number?
True
Is 20067 composite?
True
Is 469219 composite?
False
Is 77953 a prime number?
False
Is 1291351 a composite number?
True
Is 712105 composite?
True
Is 11273 composite?
False
Is 46021 a composite number?
False
Is 25031 composite?
False
Is 346339 prime?
False
Is 282767 prime?
True
Is 2404481 prime?
False
Is 4049 prime?
True
Is 24317 prime?
True
Is 16013 a composite number?
True
Is 12143 composite?
False
Is 267959 prime?
True
Is 1213163 a prime number?
False
Is 96139 a composite number?
True
Is 811901 composite?
True
Is 520661 prime?
False
Is 120413 composite?
False
Is 135385 a composite number?
True
Is 289 a composite number?
True
Is 160951 a prime number?
False
Is 220589 prime?
True
Is 658783 composite?
False
Is 30343 prime?
False
Is 34057 a composite number?
False
Is 831973 a prime number?
False
Is 421559 composite?
False
Is 15349 composite?
False
Is 13841 a prime number?
True
Is 90353 a prime number?
True
Is 124897 composite?
False
Is 17617 a prime number?
False
Is 104849 a prime number?
True
Is 274101 a composite number?
True
Is 4729 a prime number?
True
Is 223 a prime number?
True
Is 173365 a composite number?
True
Is 2690923 a prime number?
True
Is 159 prime?
False
Is 189701 prime?
True
Is 106 a composite number?
True
Is 9967 a composite number?
False
Is 17373 a composite number?
True
Is 57637 a prime number?
True
Is 9761 prime?
False
Is 66293 composite?
False
Is 138821 composite?
False
Is 1949 composite?
False
Is 38359